actor of g and 13?
13
Suppose -2*l + 142 = 2*o, -l = -6*l - o + 355. Suppose 6 + 9 = 3*u - 4*f, -u = 2*f + 5. Let c = l + u. What is the greatest common divisor of c and 8?
8
Suppose x - 4*l = 6*x, -5*x + 3*l + 35 = 0. Let p = x - -21. Let f = 2845 + -2820. What is the highest common divisor of f and p?
25
Suppose -97 + 14 = -3*v + 2*h, 5*h = 25. Suppose 0 = 24*d - v*d + 462. Suppose 34 = 5*o + 4. What is the highest common factor of o and d?
6
Suppose 3*t + 7 = -a, 3*t + 35 = 5*a + 4*t. Let n(b) = 9*b**2 + 3*b - 28. Let o be n(12). Calculate the highest common factor of o and a.
8
Suppose 2*w = 19*w - 17. Let p be (w - 98/8)*-4. What is the highest common factor of 495 and p?
45
Let f(k) = 7*k**3 - 7*k**2 + 2*k. Let c(g) = -g**2 + 8*g - 10. Let s be c(6). Let j be f(s). Let y = 98 + 126. What is the greatest common divisor of y and j?
32
Suppose 5*b + 265 = -0*k - 3*k, 0 = b + k + 51. Let y = -47 - b. Let v = -141 - -240. Calculate the highest common divisor of v and y.
9
Let y(o) = -o**3 + 8*o + 14. Let c be y(6). Let p = 189 + c. Suppose 4*t = -4*r + 8, 4*r - 11 - 7 = -2*t. Calculate the greatest common factor of r and p.
7
Suppose 6*f = -1352 + 3992. What is the greatest common divisor of f and 88?
88
Let y(r) = -r**3 + 12*r**2 - 5*r - 8. Let z be y(8). Suppose -t + 100 = 87. Calculate the highest common divisor of t and z.
13
Suppose -3*l + 8 = -49. Let y be ((-78)/(-65))/(6/20). Suppose -y*p - 154 = -990. Calculate the greatest common divisor of l and p.
19
Suppose -g + u = -34 - 3, -g = u - 35. Let y = -71 + 71. Suppose 48 = 4*a - 4*s, y*a - 2*a - s = -15. Calculate the greatest common factor of g and a.
9
Let h(j) = j**3 - 81*j**2 + 80*j + 48. Let y be h(80). What is the greatest common divisor of 564 and y?
12
Let t be (1/(3/(-8)))/(3/(-108)). Let g be 3 + (-3 + 9)/2. Suppose 24 = g*d - t. What is the highest common divisor of 8 and d?
4
Suppose -26 = -15*n + 49. Suppose n*q - 22 - 28 = 0. What is the highest common divisor of 250 and q?
10
Suppose -3*y = -4*d + 99, 5*d - 3*y - 2*y = 120. Let w(x) = -12426*x - 24735. Let a be w(-2). Calculate the highest common factor of d and a.
9
Let c be 6/(-27) - (-84820)/180. What is the greatest common factor of 3925 and c?
157
Suppose -927 = -7*r - 2*i, 27*r - 26*r = -3*i + 146. Calculate the greatest common divisor of 7729 and r.
131
Let x = 5195 - 5172. Calculate the greatest common divisor of x and 5037.
23
Let t be 1127 - 8 - (6 + 5 + -5). Calculate the highest common factor of 63 and t.
21
Suppose p - 120 = -4*c, -2*c = 5*p + c - 532. Let g be (80/15 + 4)*(-150)/(-175). What is the greatest common divisor of p and g?
8
Suppose 11*n - 38 = 13*n. Let s(f) = 4*f + 81. Let b be s(n). Calculate the highest common factor of 535 and b.
5
Suppose -714 = 4*u - 2*o, o = 2 + 1. Let a = -117 - u. What is the greatest common factor of a and 210?
30
Suppose 4*x - 36015 = -3*x. Calculate the greatest common divisor of 15 and x.
15
Let f be -68*((-26)/65)/(-1 - 46/(-30)). Let o(t) = -t**3 - 5*t**2 - 7*t - 1. Let k be o(-5). What is the highest common divisor of k and f?
17
Let i(f) = 6*f - 77. Suppose -135 = 3*v - 12*v. Let o be i(v). Calculate the highest common factor of o and 104.
13
Suppose 13*h + 19*h - 32760 = 4*h. Calculate the greatest common divisor of h and 90.
90
Let w = 1571 + -462. Let f = w + -479. Calculate the highest common factor of f and 21.
21
Let t(v) = v**3 + 16*v**2 - 25*v + 18. Let p be t(-17). Let w = p - 153. What is the highest common factor of 19 and w?
1
Suppose 5*b - 4*t - 24326 = 0, -3*b + 1040*t + 14601 = 1037*t. What is the greatest common factor of b and 42?
14
Let y be (-6504)/(-144) + (-1)/6. What is the highest common divisor of y and 240?
15
Suppose -990 = -20*h + 16*h + i, 736 = 3*h - 4*i. What is the highest common divisor of 3224 and h?
248
Let x(m) = -12 + 2*m - m**3 + 0*m + 7*m - 13*m**2 + 2*m. Let h be x(-14). Let t be (-1802)/(-6) + 2/(-6). What is the highest common factor of h and t?
30
Let i(t) = -3*t - 8. Let g be i(-7). Suppose h + 26 = -6*p + 1050, -4*p + 5*h + 626 = 0. What is the highest common factor of g and p?
13
Let y = 1768 + -1658. Calculate the highest common factor of y and 638.
22
Suppose -520 = -12*x - 8*x. Suppose -3*a + 4*s + 1774 = 0, -3*a + 1818 = 4*s + 4. Calculate the highest common factor of x and a.
26
Let w = -12224 + 12229. Let t = 0 + -1. Let h = 11 + t. What is the highest common factor of w and h?
5
Let l be (1 - -3)*69/3. Suppose 201*w - 2*f + 476 = 205*w, -551 = -5*w + 3*f. Calculate the highest common factor of w and l.
23
Suppose -4*b + 4*b + 184 = 8*b. Calculate the highest common factor of b and 1863.
23
Let u = 35 + -41. Let d(b) = b**2 + 4*b - 2. Let h be d(u). Suppose -3*w - 4*j = 2, -h*w + 5*j + 20 = -5*w. Calculate the highest common divisor of 20 and w.
2
Suppose 112 = -s + 3*s. Suppose 4*j - 25 - 39 = -2*d, 4*d - 332 = 9*j. Calculate the greatest common divisor of s and d.
56
Let r(k) = 6075*k**2 + 425*k + 426. Let n be r(-1). What is the greatest common factor of n and 28?
28
Suppose -4*t + v = -687, 84 + 255 = 2*t + v. Calculate the highest common divisor of 1140 and t.
57
Suppose -2*j = 0, 6*g - 3*g + 1101 = -3*j. Let t = g - -591. Calculate the greatest common factor of 64 and t.
32
Suppose 0 = -4*y - 2*k + 12, 5*y + 0 = 3*k + 4. Suppose -r - 468 = -5*r. Suppose -g + r = y*g. What is the greatest common factor of 429 and g?
39
Let i be (39/(-2) + -4)/(2/(-4)). Suppose i*b = 42*b + 45. Let d(l) = -l + 24. Let n be d(b). What is the greatest common factor of n and 135?
15
Let p(w) = -w**2 + 23*w - 81. Let l be p(18). Suppose 498 - 93 = 15*y. Calculate the highest common divisor of y and l.
9
Suppose -3*x - 2*g - 9 = -6*x, 12 = 4*x + 5*g. Suppose 670 = -16*a + 21*a - 5*q, 0 = x*a - 4*q - 406. Calculate the greatest common divisor of 104 and a.
26
Let a = -66 + 71. Suppose -r - 2*r - 3 = 0, -4*r + 51 = a*f. Suppose 363 = 12*i - f*i. Calculate the highest common factor of i and 33.
33
Let l = 29316 - 29170. What is the greatest common factor of 16279 and l?
73
Let o(s) = -9*s**3 - s**2 - 164*s - 476. Let m be o(-3). Calculate the highest common divisor of m and 400.
50
Suppose -4*y = -2*y - 50. Let z = 49794 - 49519. What is the greatest common divisor of z and y?
25
Suppose -29*r + 32*r = 0, k - 4*r - 4753 = 0. What is the greatest common factor of 49 and k?
49
Let z(u) = -4*u**2 - 23*u - 67. Let s(q) = -5*q**2 - 23*q - 66. Let y(j) = 5*s(j) - 6*z(j). Let w be y(23). Calculate the highest common divisor of 27 and w.
9
Let y be 12/(-72)*-125 + 10/(-12). Suppose 0 = -v + 5 + 7. Suppose 0*b = -3*b + v. Calculate the highest common factor of b and y.
4
Suppose 4*u + 8*u - 10882 = 962. What is the greatest common factor of u and 14?
7
Let i = -2932 + 2977. What is the greatest common divisor of 110 and i?
5
Let n = 385 + -381. Suppose -3*x + 447 = 5*f - 23, 3*x + n*f = 466. What is the highest common divisor of x and 100?
50
Suppose -s = -5*s + s. Suppose s = 3*h + 27 - 9. Let u be ((-9)/h)/(2/4). Calculate the greatest common factor of u and 6.
3
Let r(h) = 6*h + 8. Let c be (72/20)/((-12)/(-40)). Let f be r(c). Calculate the greatest common divisor of f and 100.
20
Suppose 0 = 3*p - 6, 5*p = 116*c - 121*c + 8385. What is the greatest common divisor of c and 200?
25
Let w(n) = 2*n**2 + 9*n + 10. Let f be w(-5). Suppose 4*i = 9 + f. Suppose -2*z + 3*r = -i, -3*z + 0*r + 9 = 2*r. What is the highest common factor of z and 21?
3
Let v be 1/((-13 + 5)/(-40)). Suppose -2*b - v*b + 2240 = 0. Calculate the highest common divisor of 20 and b.
20
Suppose 5*u - 54 - 39 = 2*h, h + 44 = 2*u. Let r(a) = -a + 166. Let k be r(h). What is the highest common factor of 150 and k?
50
Let m = 11897 - 10655. What is the highest common divisor of 460 and m?
46
Let g be -2*2*-9*(5 + -6). Let l = -43 - g. Let w be 2/l + ((-1620)/(-21))/4. Calculate the highest common factor of 19 and w.
19
Let g(w) = w**2 - 17*w + 70. Let y be g(7). Suppose y = -28*o + 18623 - 4791. What is the greatest common factor of o and 38?
38
Let h = -546 + 213. Let q = 344 + h. Calculate the greatest common factor of q and 517.
11
Let y(z) = -z + 4. Let k be y(-5). Let v(u) = 3 - k - 11*u + 5 + 0*u. Let a be v(-1). Calculate the highest common divisor of 20 and a.
1